{"id":1081,"date":"2022-06-23T10:53:34","date_gmt":"2022-06-23T08:53:34","guid":{"rendered":"https:\/\/venissa.it\/asporto\/?post_type=product&#038;p=1081"},"modified":"2026-04-24T12:38:13","modified_gmt":"2026-04-24T10:38:13","slug":"venissa-bianco-2017","status":"publish","type":"product","link":"https:\/\/venissa.it\/asporto\/prodotto\/venissa-bianco-2017\/","title":{"rendered":"Venissa Bianco 2017"},"content":{"rendered":"<h5 style=\"text-align: center;\">Venissa Bianco 2017<\/h5>\n<p>&nbsp;<\/p>\n<p style=\"text-align: center;\">Numero di bottiglie prodotte:<\/p>\n<p style=\"text-align: center;\"><strong>2760 mezzo litro, 80 magnum, 40 Jeroboam, 20 imperiali<\/strong><\/p>\n<p>&nbsp;<\/p>\n<p>&nbsp;<\/p>\n<p style=\"text-align: center;\">&#8221;Nell\u2019ideazione di Giovanni Moretti, l\u2019etichetta cede il posto ad una preziosa<br \/>\nfoglia d\u2019oro realizzata dall\u2019attuale discendente dell\u2019antica famiglia Berta<br \/>\nBattiloro. L\u2019applicazione \u00e8 stata eseguita a mano e la bottiglia poi messa a<br \/>\nricottura nei forni delle vetrerie di Murano.&#8221;<\/p>\n<p style=\"text-align: center;\">\n","protected":false},"excerpt":{"rendered":"<h5>La consapevolezza di Venissa nei confronti della Dorona ha permesso di isolare solamente le piante pi\u00f9 stressate dalle condizioni estreme, abbassando la drasticamente la produzione. Il risultato \u00e8 una concentrazione e un&#8217;espressione ancor pi\u00f9 marcata delle caratteristiche e potenzialit\u00e0 di questa variet\u00e0 nell&#8217;isola di Mazzorbo, Venezia.<\/h5>\n<p>Un colore dorato profondo, al naso mostra sentori di buccia d\u2019agrume, frutta secca e tabacco biondo. Un bouquet soave. Al palato \u00e8 strutturato e pieno, fresco e vivace. Note di miele, camomilla e spezie si rivelano nel finale secco e sapido. Il finale \u00e8 intenso e persistente. Regala emozioni fin d\u2019ora, con la promessa di uno splendido invecchiamento.<\/p>\n<p>Bottiglia da 0,5 L (bottiglia singola in cassetta di legno)<\/p>\n<p>Titolo alcolometrico: 13%<\/p>\n<p>Temperatura di servizio: 10-12 C<\/p>\n","protected":false},"featured_media":1072,"template":"","meta":[],"product_brand":[],"product_cat":[23],"product_tag":[],"class_list":{"0":"post-1081","1":"product","2":"type-product","3":"status-publish","4":"has-post-thumbnail","6":"product_cat-annate-storiche","8":"first","9":"instock","10":"sold-individually","11":"taxable","12":"shipping-taxable","13":"purchasable","14":"product-type-simple"},"_links":{"self":[{"href":"https:\/\/venissa.it\/asporto\/wp-json\/wp\/v2\/product\/1081","targetHints":{"allow":["GET"]}}],"collection":[{"href":"https:\/\/venissa.it\/asporto\/wp-json\/wp\/v2\/product"}],"about":[{"href":"https:\/\/venissa.it\/asporto\/wp-json\/wp\/v2\/types\/product"}],"wp:featuredmedia":[{"embeddable":true,"href":"https:\/\/venissa.it\/asporto\/wp-json\/wp\/v2\/media\/1072"}],"wp:attachment":[{"href":"https:\/\/venissa.it\/asporto\/wp-json\/wp\/v2\/media?parent=1081"}],"wp:term":[{"taxonomy":"product_brand","embeddable":true,"href":"https:\/\/venissa.it\/asporto\/wp-json\/wp\/v2\/product_brand?post=1081"},{"taxonomy":"product_cat","embeddable":true,"href":"https:\/\/venissa.it\/asporto\/wp-json\/wp\/v2\/product_cat?post=1081"},{"taxonomy":"product_tag","embeddable":true,"href":"https:\/\/venissa.it\/asporto\/wp-json\/wp\/v2\/product_tag?post=1081"}],"curies":[{"name":"wp","href":"https:\/\/api.w.org\/{rel}","templated":true}]}}